{"id":221,"date":"2023-03-29T14:25:52","date_gmt":"2023-03-29T14:25:52","guid":{"rendered":"https:\/\/fairemploymentcode.abu.nl\/?page_id=221"},"modified":"2023-04-26T15:03:10","modified_gmt":"2023-04-26T15:03:10","slug":"abu-darbo-migrantu-saziningo-idarbinimo-kodeksas","status":"publish","type":"page","link":"https:\/\/fairemploymentcode.abu.nl\/lt\/","title":{"rendered":"ABU darbo migrant\u0173 s\u0105\u017einingo \u012fdarbinimo kodeksas"},"content":{"rendered":"","protected":false},"excerpt":{"rendered":"","protected":false},"author":19,"featured_media":0,"parent":0,"menu_order":0,"comment_status":"closed","ping_status":"open","template":"templates\/tpl-home.php","meta":{"_acf_changed":false,"footnotes":""},"class_list":["post-221","page","type-page","status-publish","hentry"],"acf":[],"_links":{"self":[{"href":"https:\/\/fairemploymentcode.abu.nl\/lt\/wp-json\/wp\/v2\/pages\/221","targetHints":{"allow":["GET"]}}],"collection":[{"href":"https:\/\/fairemploymentcode.abu.nl\/lt\/wp-json\/wp\/v2\/pages"}],"about":[{"href":"https:\/\/fairemploymentcode.abu.nl\/lt\/wp-json\/wp\/v2\/types\/page"}],"author":[{"embeddable":true,"href":"https:\/\/fairemploymentcode.abu.nl\/lt\/wp-json\/wp\/v2\/users\/19"}],"replies":[{"embeddable":true,"href":"https:\/\/fairemploymentcode.abu.nl\/lt\/wp-json\/wp\/v2\/comments?post=221"}],"version-history":[{"count":0,"href":"https:\/\/fairemploymentcode.abu.nl\/lt\/wp-json\/wp\/v2\/pages\/221\/revisions"}],"wp:attachment":[{"href":"https:\/\/fairemploymentcode.abu.nl\/lt\/wp-json\/wp\/v2\/media?parent=221"}],"curies":[{"name":"wp","href":"https:\/\/api.w.org\/{rel}","templated":true}]}}

ABU darbo migrantų sąžiningo įdarbinimo kodeksas
